{"id":722,"date":"2026-05-04T06:14:10","date_gmt":"2026-05-04T05:14:10","guid":{"rendered":"https:\/\/move-swim-saint-tropez.fr\/?page_id=722"},"modified":"2026-05-04T06:45:17","modified_gmt":"2026-05-04T05:45:17","slug":"pressotherapie","status":"publish","type":"page","link":"https:\/\/move-swim-saint-tropez.fr\/?page_id=722","title":{"rendered":"PR\u00c9SSOTH\u00c9RAPIE"},"content":{"rendered":"<p>[et_pb_section fb_built=\u00a0\u00bb1&Prime; _builder_version=\u00a0\u00bb4.19.4&Prime; _module_preset=\u00a0\u00bbdefault\u00a0\u00bb background_image=\u00a0\u00bbhttps:\/\/move-swim-saint-tropez.fr\/wp-content\/uploads\/2023\/01\/blurb-3-bg-1024&#215;507-1.jpeg\u00a0\u00bb parallax=\u00a0\u00bbon\u00a0\u00bb parallax_method=\u00a0\u00bboff\u00a0\u00bb global_colors_info=\u00a0\u00bb{}\u00a0\u00bb][et_pb_row _builder_version=\u00a0\u00bb4.19.4&Prime; _module_preset=\u00a0\u00bbdefault\u00a0\u00bb global_colors_info=\u00a0\u00bb{}\u00a0\u00bb][et_pb_column type=\u00a0\u00bb4_4&Prime; _builder_version=\u00a0\u00bb4.19.4&Prime; _module_preset=\u00a0\u00bbdefault\u00a0\u00bb global_colors_info=\u00a0\u00bb{}\u00a0\u00bb][et_pb_text _builder_version=\u00a0\u00bb4.19.4&Prime; header_2_font=\u00a0\u00bbMontserrat|900|on|on|||||\u00a0\u00bb header_2_font_size=\u00a0\u00bb54px\u00a0\u00bb header_2_line_height=\u00a0\u00bb1.2em\u00a0\u00bb custom_margin=\u00a0\u00bb||15px||false|false\u00a0\u00bb hover_enabled=\u00a0\u00bb0&Prime; header_font_size_tablet=\u00a0\u00bb\u00a0\u00bb header_font_size_phone=\u00a0\u00bb\u00a0\u00bb header_font_size_last_edited=\u00a0\u00bbon|phone\u00a0\u00bb header_2_font_size_tablet=\u00a0\u00bb36px\u00a0\u00bb header_2_font_size_phone=\u00a0\u00bb26px\u00a0\u00bb header_2_font_size_last_edited=\u00a0\u00bbon|phone\u00a0\u00bb locked=\u00a0\u00bboff\u00a0\u00bb global_colors_info=\u00a0\u00bb{}\u00a0\u00bb sticky_enabled=\u00a0\u00bb0&Prime;]<\/p>\n<h2><span style=\"color: #000000;\">La Pressoth\u00e9rapie : R\u00e9cup\u00e9ration, Performance &amp; Bien-\u00eatre<\/span><\/h2>\n<p><!-- notionvc: f1e7bae2-9331-4dae-8d2d-ecaa467f5ad9 --><\/p>\n<p>[\/et_pb_text][et_pb_image src=\u00a0\u00bbhttps:\/\/move-swim-saint-tropez.fr\/wp-content\/uploads\/2026\/05\/jolt_boots_recuperation_musculaire_1200x1200.webp\u00a0\u00bb title_text=\u00a0\u00bbjolt_boots_recuperation_musculaire_1200x1200&Prime; _builder_version=\u00a0\u00bb4.19.4&Prime; _module_preset=\u00a0\u00bbdefault\u00a0\u00bb global_colors_info=\u00a0\u00bb{}\u00a0\u00bb][\/et_pb_image][\/et_pb_column][\/et_pb_row][et_pb_row _builder_version=\u00a0\u00bb4.20.0&Prime; _module_preset=\u00a0\u00bbdefault\u00a0\u00bb custom_padding=\u00a0\u00bb9px||3px|||\u00a0\u00bb global_colors_info=\u00a0\u00bb{}\u00a0\u00bb][et_pb_column type=\u00a0\u00bb4_4&Prime; _builder_version=\u00a0\u00bb4.20.0&Prime; _module_preset=\u00a0\u00bbdefault\u00a0\u00bb global_colors_info=\u00a0\u00bb{}\u00a0\u00bb][et_pb_text _builder_version=\u00a0\u00bb4.19.4&Prime; _module_preset=\u00a0\u00bbdefault\u00a0\u00bb text_font=\u00a0\u00bb|800|||||||\u00a0\u00bb text_text_color=\u00a0\u00bb#0C71C3&Prime; text_font_size=\u00a0\u00bb23px\u00a0\u00bb custom_margin=\u00a0\u00bb||-5px|||\u00a0\u00bb global_colors_info=\u00a0\u00bb{}\u00a0\u00bb]<\/p>\n<p>\u200bQu\u2019est-ce que la pressoth\u00e9rapie ?<\/p>\n<p><!-- notionvc: 11518f4b-ea1c-4245-9676-bfc24a59a3e5 --><\/p>\n<p>[\/et_pb_text][et_pb_text _builder_version=\u00a0\u00bb4.20.0&Prime; _module_preset=\u00a0\u00bbdefault\u00a0\u00bb text_text_color=\u00a0\u00bb#000000&Prime; global_colors_info=\u00a0\u00bb{}\u00a0\u00bb]<\/p>\n<p><strong>La pressoth\u00e9rapie est une technique de drainage m\u00e9canique performante qui utilise des bottes de compression. Par des mouvements de pression s\u00e9quentiels, elle stimule la circulation sanguine et lymphatique, agissant comme un v\u00e9ritable massage profond des membres inf\u00e9rieurs.<\/strong><\/p>\n<p>[\/et_pb_text][et_pb_text _builder_version=\u00a0\u00bb4.19.4&Prime; _module_preset=\u00a0\u00bbdefault\u00a0\u00bb text_font=\u00a0\u00bb|800|||||||\u00a0\u00bb text_text_color=\u00a0\u00bb#0C71C3&Prime; text_font_size=\u00a0\u00bb23px\u00a0\u00bb custom_margin=\u00a0\u00bb||-5px|||\u00a0\u00bb global_colors_info=\u00a0\u00bb{}\u00a0\u00bb]<\/p>\n<p>\u200bPourquoi choisir la pressoth\u00e9rapie ?<\/p>\n<p><!-- notionvc: 11518f4b-ea1c-4245-9676-bfc24a59a3e5 --><\/p>\n<p>[\/et_pb_text][et_pb_text _builder_version=\u00a0\u00bb4.19.4&Prime; _module_preset=\u00a0\u00bbdefault\u00a0\u00bb text_text_color=\u00a0\u00bb#000000&Prime; global_colors_info=\u00a0\u00bb{}\u00a0\u00bb]<\/p>\n<p><strong>Que vous soyez un athl\u00e8te de haut niveau ou que vous cherchiez simplement \u00e0 retrouver de la l\u00e9g\u00e8ret\u00e9 au quotidien, cette technologie r\u00e9pond \u00e0 trois besoins majeurs : R\u00e9cup\u00e9ration Sportive : Id\u00e9ale apr\u00e8s un effort intense (match de foot, running, entra\u00eenement). Elle acc\u00e9l\u00e8re l&rsquo;\u00e9limination des toxines (acide lactique), r\u00e9duit les courbatures et permet d&rsquo;encha\u00eener les s\u00e9ances plus rapidement.<\/strong><\/p>\n<p>[\/et_pb_text][et_pb_text _builder_version=\u00a0\u00bb4.19.4&Prime; _module_preset=\u00a0\u00bbdefault\u00a0\u00bb text_font=\u00a0\u00bb|800|||||||\u00a0\u00bb text_text_color=\u00a0\u00bb#0C71C3&Prime; text_font_size=\u00a0\u00bb23px\u00a0\u00bb custom_margin=\u00a0\u00bb||-5px|||\u00a0\u00bb global_colors_info=\u00a0\u00bb{}\u00a0\u00bb]<\/p>\n<p>\u200bAction Anti-Cellulite &amp; Silhouette<\/p>\n<p><!-- notionvc: 11518f4b-ea1c-4245-9676-bfc24a59a3e5 --><\/p>\n<p>[\/et_pb_text][et_pb_text _builder_version=\u00a0\u00bb4.19.4&Prime; _module_preset=\u00a0\u00bbdefault\u00a0\u00bb text_text_color=\u00a0\u00bb#000000&Prime; global_colors_info=\u00a0\u00bb{}\u00a0\u00bb]<\/p>\n<p><strong>En relan\u00e7ant le drainage lymphatique, elle aide \u00e0 d\u00e9sengorger les tissus, r\u00e9duit la r\u00e9tention d&rsquo;eau et lisse l&rsquo;aspect \u00ab\u00a0peau d&rsquo;orange\u00a0\u00bb.<\/strong><br \/><strong>\u200bConfort &amp; Sant\u00e9 : Le rem\u00e8de num\u00e9ro 1 contre la sensation de \u00ab\u00a0jambes lourdes\u00a0\u00bb. Elle procure une sensation de l\u00e9g\u00e8ret\u00e9 imm\u00e9diate et am\u00e9liore le retour veineux.<\/strong><\/p>\n<p>[\/et_pb_text][et_pb_text _builder_version=\u00a0\u00bb4.19.4&Prime; _module_preset=\u00a0\u00bbdefault\u00a0\u00bb text_font=\u00a0\u00bb|800|||||||\u00a0\u00bb text_text_color=\u00a0\u00bb#0C71C3&Prime; text_font_size=\u00a0\u00bb23px\u00a0\u00bb custom_margin=\u00a0\u00bb||-5px|||\u00a0\u00bb global_colors_info=\u00a0\u00bb{}\u00a0\u00bb]<\/p>\n<p>\u200bComment se d\u00e9roule une s\u00e9ance ?<\/p>\n<p><!-- notionvc: 11518f4b-ea1c-4245-9676-bfc24a59a3e5 --><\/p>\n<p>[\/et_pb_text][et_pb_text _builder_version=\u00a0\u00bb4.19.4&Prime; _module_preset=\u00a0\u00bbdefault\u00a0\u00bb text_text_color=\u00a0\u00bb#000000&Prime; global_colors_info=\u00a0\u00bb{}\u00a0\u00bb]<\/p>\n<p><strong>\u200bConfortablement install\u00e9(e), vous glissez vos jambes dans les bottes de compression. La s\u00e9ance dure g\u00e9n\u00e9ralement entre 20 et 30 minutes. C&rsquo;est un moment de d\u00e9tente totale, indolore et relaxant, o\u00f9 vous pouvez ressentir les bienfaits d\u00e8s les premi\u00e8res minutes.<\/strong><\/p>\n<p>[\/et_pb_text][\/et_pb_column][\/et_pb_row][et_pb_row _builder_version=\u00a0\u00bb4.19.4&Prime; _module_preset=\u00a0\u00bbdefault\u00a0\u00bb global_colors_info=\u00a0\u00bb{}\u00a0\u00bb][et_pb_column type=\u00a0\u00bb4_4&Prime; _builder_version=\u00a0\u00bb4.19.4&Prime; _module_preset=\u00a0\u00bbdefault\u00a0\u00bb global_colors_info=\u00a0\u00bb{}\u00a0\u00bb][et_pb_video src=\u00a0\u00bbhttps:\/\/www.youtube.com\/watch?v=vj_mJ1Tl0JQ\u00a0\u00bb _builder_version=\u00a0\u00bb4.19.4&Prime; _module_preset=\u00a0\u00bbdefault\u00a0\u00bb global_colors_info=\u00a0\u00bb{}\u00a0\u00bb][\/et_pb_video][\/et_pb_column][\/et_pb_row][\/et_pb_section][et_pb_section fb_built=\u00a0\u00bb1&Prime; admin_label=\u00a0\u00bbGallery\u00a0\u00bb _builder_version=\u00a0\u00bb4.19.4&Prime; background_color=\u00a0\u00bb#000000&Prime; background_enable_image=\u00a0\u00bboff\u00a0\u00bb parallax=\u00a0\u00bbon\u00a0\u00bb parallax_method=\u00a0\u00bboff\u00a0\u00bb custom_margin=\u00a0\u00bb-1px|||||\u00a0\u00bb custom_padding=\u00a0\u00bb0px|||||\u00a0\u00bb global_colors_info=\u00a0\u00bb{}\u00a0\u00bb][et_pb_row _builder_version=\u00a0\u00bb4.20.0&Prime; _module_preset=\u00a0\u00bbdefault\u00a0\u00bb global_colors_info=\u00a0\u00bb{}\u00a0\u00bb][et_pb_column type=\u00a0\u00bb4_4&Prime; _builder_version=\u00a0\u00bb4.20.0&Prime; _module_preset=\u00a0\u00bbdefault\u00a0\u00bb global_colors_info=\u00a0\u00bb{}\u00a0\u00bb][et_pb_text _builder_version=\u00a0\u00bb4.19.4&Prime; header_2_font=\u00a0\u00bbMontserrat|900|on||||||\u00a0\u00bb header_2_font_size=\u00a0\u00bb60px\u00a0\u00bb header_2_line_height=\u00a0\u00bb1.2em\u00a0\u00bb text_orientation=\u00a0\u00bbcenter\u00a0\u00bb custom_margin=\u00a0\u00bb16px||15px||false|false\u00a0\u00bb header_font_size_tablet=\u00a0\u00bb\u00a0\u00bb header_font_size_phone=\u00a0\u00bb\u00a0\u00bb header_font_size_last_edited=\u00a0\u00bbon|phone\u00a0\u00bb header_2_font_size_tablet=\u00a0\u00bb36px\u00a0\u00bb header_2_font_size_phone=\u00a0\u00bb30px\u00a0\u00bb header_2_font_size_last_edited=\u00a0\u00bbon|phone\u00a0\u00bb locked=\u00a0\u00bboff\u00a0\u00bb global_colors_info=\u00a0\u00bb{}\u00a0\u00bb]<\/p>\n<h2><span style=\"color: #ffffff;\">D\u00c9COUVREZ NOS TARIFS\u00a0<\/span><\/h2>\n<p>[\/et_pb_text][et_pb_button button_url=\u00a0\u00bbhttps:\/\/move-swim-saint-tropez.fr\/?page_id=178&Prime; button_text=\u00a0\u00bbTARIFS\u00a0\u00bb button_alignment=\u00a0\u00bbcenter\u00a0\u00bb button_text_last_edited=\u00a0\u00bboff|desktop\u00a0\u00bb _builder_version=\u00a0\u00bb4.19.4&Prime; _module_preset=\u00a0\u00bbdefault\u00a0\u00bb custom_button=\u00a0\u00bbon\u00a0\u00bb button_text_color=\u00a0\u00bb#FFFFFF\u00a0\u00bb button_border_width=\u00a0\u00bb2px\u00a0\u00bb button_border_radius=\u00a0\u00bb0px\u00a0\u00bb global_colors_info=\u00a0\u00bb{}\u00a0\u00bb][\/et_pb_button][\/et_pb_column][\/et_pb_row][\/et_pb_section][et_pb_section fb_built=\u00a0\u00bb1&Prime; admin_label=\u00a0\u00bbFooter\u00a0\u00bb _builder_version=\u00a0\u00bb4.19.4&Prime; background_image=\u00a0\u00bbhttps:\/\/move-swim-saint-tropez.fr\/wp-content\/uploads\/2023\/01\/blurb-3-bg-1024&#215;507-1.jpeg\u00a0\u00bb global_colors_info=\u00a0\u00bb{}\u00a0\u00bb][et_pb_row column_structure=\u00a0\u00bb1_3,1_3,1_3&Prime; _builder_version=\u00a0\u00bb4.16&Prime; global_colors_info=\u00a0\u00bb{}\u00a0\u00bb][et_pb_column type=\u00a0\u00bb1_3&Prime; _builder_version=\u00a0\u00bb4.16&Prime; global_colors_info=\u00a0\u00bb{}\u00a0\u00bb][et_pb_text _builder_version=\u00a0\u00bb4.16&Prime; text_font=\u00a0\u00bbMontserrat||||||||\u00a0\u00bb text_font_size=\u00a0\u00bb16px\u00a0\u00bb text_line_height=\u00a0\u00bb1.8em\u00a0\u00bb header_4_font=\u00a0\u00bbMontserrat|700|||||||\u00a0\u00bb header_4_line_height=\u00a0\u00bb1.8em\u00a0\u00bb text_font_size_tablet=\u00a0\u00bb15px\u00a0\u00bb text_font_size_phone=\u00a0\u00bb14px\u00a0\u00bb text_font_size_last_edited=\u00a0\u00bbon|phone\u00a0\u00bb global_colors_info=\u00a0\u00bb{}\u00a0\u00bb]<\/p>\n<h4>MOVE &amp; SWIM<\/h4>\n<p><strong>COACHING PRIV\u00c9<\/strong><br \/><strong>GOLFE DE SAINT-TROPEZ\u00a0<\/strong><\/p>\n<p>[\/et_pb_text][\/et_pb_column][et_pb_column type=\u00a0\u00bb1_3&Prime; _builder_version=\u00a0\u00bb4.16&Prime; global_colors_info=\u00a0\u00bb{}\u00a0\u00bb][et_pb_text _builder_version=\u00a0\u00bb4.16&Prime; text_font=\u00a0\u00bbMontserrat||||||||\u00a0\u00bb text_font_size=\u00a0\u00bb16px\u00a0\u00bb text_line_height=\u00a0\u00bb1.8em\u00a0\u00bb header_4_font=\u00a0\u00bbMontserrat|700|||||||\u00a0\u00bb header_4_line_height=\u00a0\u00bb1.8em\u00a0\u00bb text_font_size_tablet=\u00a0\u00bb15px\u00a0\u00bb text_font_size_phone=\u00a0\u00bb14px\u00a0\u00bb text_font_size_last_edited=\u00a0\u00bbon|phone\u00a0\u00bb locked=\u00a0\u00bboff\u00a0\u00bb global_colors_info=\u00a0\u00bb{}\u00a0\u00bb]<\/p>\n<h4>CONTACT<\/h4>\n<p><strong>+33 6 82 37 79 84 <\/strong><br \/><strong>move.swim@gmail.com\u00a0<\/strong><\/p>\n<p>[\/et_pb_text][\/et_pb_column][et_pb_column type=\u00a0\u00bb1_3&Prime; _builder_version=\u00a0\u00bb4.16&Prime; global_colors_info=\u00a0\u00bb{}\u00a0\u00bb][et_pb_text _builder_version=\u00a0\u00bb4.16&Prime; header_4_font=\u00a0\u00bbMontserrat|700|||||||\u00a0\u00bb header_4_line_height=\u00a0\u00bb1.8em\u00a0\u00bb custom_margin=\u00a0\u00bb||0px||false|false\u00a0\u00bb locked=\u00a0\u00bboff\u00a0\u00bb global_colors_info=\u00a0\u00bb{}\u00a0\u00bb]<\/p>\n<h4>SUIVEZ-MOI<\/h4>\n<p>[\/et_pb_text][et_pb_social_media_follow icon_color=\u00a0\u00bb#000000&Prime; _builder_version=\u00a0\u00bb4.19.4&Prime; global_colors_info=\u00a0\u00bb{}\u00a0\u00bb][et_pb_social_media_follow_network social_network=\u00a0\u00bbfacebook\u00a0\u00bb _builder_version=\u00a0\u00bb4.16&Prime; background_enable_color=\u00a0\u00bboff\u00a0\u00bb global_colors_info=\u00a0\u00bb{}\u00a0\u00bb follow_button=\u00a0\u00bboff\u00a0\u00bb url_new_window=\u00a0\u00bbon\u00a0\u00bb]facebook[\/et_pb_social_media_follow_network][et_pb_social_media_follow_network social_network=\u00a0\u00bbinstagram\u00a0\u00bb _builder_version=\u00a0\u00bb4.16&Prime; background_color=\u00a0\u00bb#ea2c59&Prime; background_enable_color=\u00a0\u00bboff\u00a0\u00bb global_colors_info=\u00a0\u00bb{}\u00a0\u00bb follow_button=\u00a0\u00bboff\u00a0\u00bb url_new_window=\u00a0\u00bbon\u00a0\u00bb]instagram[\/et_pb_social_media_follow_network][\/et_pb_social_media_follow][\/et_pb_column][\/et_pb_row][\/et_pb_section]<\/p>\n","protected":false},"excerpt":{"rendered":"<p>La Pressoth\u00e9rapie : R\u00e9cup\u00e9ration, Performance &amp; Bien-\u00eatre \u200bQu\u2019est-ce que la pressoth\u00e9rapie ? La pressoth\u00e9rapie est une technique de drainage m\u00e9canique performante qui utilise des bottes de compression. Par des mouvements de pression s\u00e9quentiels, elle stimule la circulation sanguine et lymphatique, agissant comme un v\u00e9ritable massage profond des membres inf\u00e9rieurs.\u200bPourquoi choisir la pressoth\u00e9rapie ? Que vous [&hellip;]<\/p>\n","protected":false},"author":1,"featured_media":476,"parent":0,"menu_order":0,"comment_status":"closed","ping_status":"closed","template":"","meta":{"_et_pb_use_builder":"on","_et_pb_old_content":"","_et_gb_content_width":"","footnotes":""},"class_list":["post-722","page","type-page","status-publish","has-post-thumbnail","hentry"],"yoast_head":"<!-- This site is optimized with the Yoast SEO plugin v20.1 - https:\/\/yoast.com\/wordpress\/plugins\/seo\/ -->\n<title>Le concept Move &amp; Swim - coach sportif Golfe de Saint-Tropez<\/title>\n<meta name=\"description\" content=\"D\u00e9couvrez le concept de Move &amp; Swim Saint-Tropez, votre coach sportif sp\u00e9cialiste de l&#039;\u00e9lectrostimulation et natation \u00e0 domicile.\" \/>\n<meta name=\"robots\" content=\"index, follow, max-snippet:-1, max-image-preview:large, max-video-preview:-1\" \/>\n<link rel=\"canonical\" href=\"https:\/\/move-swim-saint-tropez.fr\/?page_id=722\" \/>\n<meta property=\"og:locale\" content=\"fr_FR\" \/>\n<meta property=\"og:type\" content=\"article\" \/>\n<meta property=\"og:title\" content=\"Le concept Move &amp; Swim - coach sportif Golfe de Saint-Tropez\" \/>\n<meta property=\"og:description\" content=\"D\u00e9couvrez le concept de Move &amp; Swim Saint-Tropez, votre coach sportif sp\u00e9cialiste de l&#039;\u00e9lectrostimulation et natation \u00e0 domicile.\" \/>\n<meta property=\"og:url\" content=\"https:\/\/move-swim-saint-tropez.fr\/?page_id=722\" \/>\n<meta property=\"og:site_name\" content=\"Move &amp; Swim\" \/>\n<meta property=\"article:publisher\" content=\"https:\/\/www.facebook.com\/MoveSwimsttropez\" \/>\n<meta property=\"article:modified_time\" content=\"2026-05-04T05:45:17+00:00\" \/>\n<meta property=\"og:image\" content=\"https:\/\/move-swim-saint-tropez.fr\/wp-content\/uploads\/2023\/01\/12.jpeg\" \/>\n\t<meta property=\"og:image:width\" content=\"430\" \/>\n\t<meta property=\"og:image:height\" content=\"430\" \/>\n\t<meta property=\"og:image:type\" content=\"image\/jpeg\" \/>\n<meta name=\"twitter:card\" content=\"summary_large_image\" \/>\n<meta name=\"twitter:label1\" content=\"Dur\u00e9e de lecture estim\u00e9e\" \/>\n\t<meta name=\"twitter:data1\" content=\"4 minutes\" \/>\n<script type=\"application\/ld+json\" class=\"yoast-schema-graph\">{\"@context\":\"https:\/\/schema.org\",\"@graph\":[{\"@type\":\"WebPage\",\"@id\":\"https:\/\/move-swim-saint-tropez.fr\/?page_id=722\",\"url\":\"https:\/\/move-swim-saint-tropez.fr\/?page_id=722\",\"name\":\"Le concept Move & Swim - coach sportif Golfe de Saint-Tropez\",\"isPartOf\":{\"@id\":\"https:\/\/move-swim-saint-tropez.fr\/#website\"},\"datePublished\":\"2026-05-04T05:14:10+00:00\",\"dateModified\":\"2026-05-04T05:45:17+00:00\",\"description\":\"D\u00e9couvrez le concept de Move & Swim Saint-Tropez, votre coach sportif sp\u00e9cialiste de l'\u00e9lectrostimulation et natation \u00e0 domicile.\",\"breadcrumb\":{\"@id\":\"https:\/\/move-swim-saint-tropez.fr\/?page_id=722#breadcrumb\"},\"inLanguage\":\"fr-FR\",\"potentialAction\":[{\"@type\":\"ReadAction\",\"target\":[\"https:\/\/move-swim-saint-tropez.fr\/?page_id=722\"]}]},{\"@type\":\"BreadcrumbList\",\"@id\":\"https:\/\/move-swim-saint-tropez.fr\/?page_id=722#breadcrumb\",\"itemListElement\":[{\"@type\":\"ListItem\",\"position\":1,\"name\":\"Accueil\",\"item\":\"https:\/\/move-swim-saint-tropez.fr\/\"},{\"@type\":\"ListItem\",\"position\":2,\"name\":\"PR\u00c9SSOTH\u00c9RAPIE\"}]},{\"@type\":\"WebSite\",\"@id\":\"https:\/\/move-swim-saint-tropez.fr\/#website\",\"url\":\"https:\/\/move-swim-saint-tropez.fr\/\",\"name\":\"Move & Swim\",\"description\":\"Coaching priv\u00e9 \u00e9lectrostimulation et Natation\",\"publisher\":{\"@id\":\"https:\/\/move-swim-saint-tropez.fr\/#organization\"},\"potentialAction\":[{\"@type\":\"SearchAction\",\"target\":{\"@type\":\"EntryPoint\",\"urlTemplate\":\"https:\/\/move-swim-saint-tropez.fr\/?s={search_term_string}\"},\"query-input\":\"required name=search_term_string\"}],\"inLanguage\":\"fr-FR\"},{\"@type\":\"Organization\",\"@id\":\"https:\/\/move-swim-saint-tropez.fr\/#organization\",\"name\":\"Move & Swim\",\"url\":\"https:\/\/move-swim-saint-tropez.fr\/\",\"logo\":{\"@type\":\"ImageObject\",\"inLanguage\":\"fr-FR\",\"@id\":\"https:\/\/move-swim-saint-tropez.fr\/#\/schema\/logo\/image\/\",\"url\":\"https:\/\/move-swim-saint-tropez.fr\/wp-content\/uploads\/2023\/01\/Capture-decran-2023-01-28-a-11.24.40.png\",\"contentUrl\":\"https:\/\/move-swim-saint-tropez.fr\/wp-content\/uploads\/2023\/01\/Capture-decran-2023-01-28-a-11.24.40.png\",\"width\":348,\"height\":204,\"caption\":\"Move & Swim\"},\"image\":{\"@id\":\"https:\/\/move-swim-saint-tropez.fr\/#\/schema\/logo\/image\/\"},\"sameAs\":[\"https:\/\/www.facebook.com\/MoveSwimsttropez\",\"https:\/\/www.instagram.com\/moveswim\/?hl=fr\"]}]}<\/script>\n<!-- \/ Yoast SEO plugin. -->","yoast_head_json":{"title":"Le concept Move & Swim - coach sportif Golfe de Saint-Tropez","description":"D\u00e9couvrez le concept de Move & Swim Saint-Tropez, votre coach sportif sp\u00e9cialiste de l'\u00e9lectrostimulation et natation \u00e0 domicile.","robots":{"index":"index","follow":"follow","max-snippet":"max-snippet:-1","max-image-preview":"max-image-preview:large","max-video-preview":"max-video-preview:-1"},"canonical":"https:\/\/move-swim-saint-tropez.fr\/?page_id=722","og_locale":"fr_FR","og_type":"article","og_title":"Le concept Move & Swim - coach sportif Golfe de Saint-Tropez","og_description":"D\u00e9couvrez le concept de Move & Swim Saint-Tropez, votre coach sportif sp\u00e9cialiste de l'\u00e9lectrostimulation et natation \u00e0 domicile.","og_url":"https:\/\/move-swim-saint-tropez.fr\/?page_id=722","og_site_name":"Move &amp; Swim","article_publisher":"https:\/\/www.facebook.com\/MoveSwimsttropez","article_modified_time":"2026-05-04T05:45:17+00:00","og_image":[{"width":430,"height":430,"url":"https:\/\/move-swim-saint-tropez.fr\/wp-content\/uploads\/2023\/01\/12.jpeg","type":"image\/jpeg"}],"twitter_card":"summary_large_image","twitter_misc":{"Dur\u00e9e de lecture estim\u00e9e":"4 minutes"},"schema":{"@context":"https:\/\/schema.org","@graph":[{"@type":"WebPage","@id":"https:\/\/move-swim-saint-tropez.fr\/?page_id=722","url":"https:\/\/move-swim-saint-tropez.fr\/?page_id=722","name":"Le concept Move & Swim - coach sportif Golfe de Saint-Tropez","isPartOf":{"@id":"https:\/\/move-swim-saint-tropez.fr\/#website"},"datePublished":"2026-05-04T05:14:10+00:00","dateModified":"2026-05-04T05:45:17+00:00","description":"D\u00e9couvrez le concept de Move & Swim Saint-Tropez, votre coach sportif sp\u00e9cialiste de l'\u00e9lectrostimulation et natation \u00e0 domicile.","breadcrumb":{"@id":"https:\/\/move-swim-saint-tropez.fr\/?page_id=722#breadcrumb"},"inLanguage":"fr-FR","potentialAction":[{"@type":"ReadAction","target":["https:\/\/move-swim-saint-tropez.fr\/?page_id=722"]}]},{"@type":"BreadcrumbList","@id":"https:\/\/move-swim-saint-tropez.fr\/?page_id=722#breadcrumb","itemListElement":[{"@type":"ListItem","position":1,"name":"Accueil","item":"https:\/\/move-swim-saint-tropez.fr\/"},{"@type":"ListItem","position":2,"name":"PR\u00c9SSOTH\u00c9RAPIE"}]},{"@type":"WebSite","@id":"https:\/\/move-swim-saint-tropez.fr\/#website","url":"https:\/\/move-swim-saint-tropez.fr\/","name":"Move & Swim","description":"Coaching priv\u00e9 \u00e9lectrostimulation et Natation","publisher":{"@id":"https:\/\/move-swim-saint-tropez.fr\/#organization"},"potentialAction":[{"@type":"SearchAction","target":{"@type":"EntryPoint","urlTemplate":"https:\/\/move-swim-saint-tropez.fr\/?s={search_term_string}"},"query-input":"required name=search_term_string"}],"inLanguage":"fr-FR"},{"@type":"Organization","@id":"https:\/\/move-swim-saint-tropez.fr\/#organization","name":"Move & Swim","url":"https:\/\/move-swim-saint-tropez.fr\/","logo":{"@type":"ImageObject","inLanguage":"fr-FR","@id":"https:\/\/move-swim-saint-tropez.fr\/#\/schema\/logo\/image\/","url":"https:\/\/move-swim-saint-tropez.fr\/wp-content\/uploads\/2023\/01\/Capture-decran-2023-01-28-a-11.24.40.png","contentUrl":"https:\/\/move-swim-saint-tropez.fr\/wp-content\/uploads\/2023\/01\/Capture-decran-2023-01-28-a-11.24.40.png","width":348,"height":204,"caption":"Move & Swim"},"image":{"@id":"https:\/\/move-swim-saint-tropez.fr\/#\/schema\/logo\/image\/"},"sameAs":["https:\/\/www.facebook.com\/MoveSwimsttropez","https:\/\/www.instagram.com\/moveswim\/?hl=fr"]}]}},"_links":{"self":[{"href":"https:\/\/move-swim-saint-tropez.fr\/index.php?rest_route=\/wp\/v2\/pages\/722","targetHints":{"allow":["GET"]}}],"collection":[{"href":"https:\/\/move-swim-saint-tropez.fr\/index.php?rest_route=\/wp\/v2\/pages"}],"about":[{"href":"https:\/\/move-swim-saint-tropez.fr\/index.php?rest_route=\/wp\/v2\/types\/page"}],"author":[{"embeddable":true,"href":"https:\/\/move-swim-saint-tropez.fr\/index.php?rest_route=\/wp\/v2\/users\/1"}],"replies":[{"embeddable":true,"href":"https:\/\/move-swim-saint-tropez.fr\/index.php?rest_route=%2Fwp%2Fv2%2Fcomments&post=722"}],"version-history":[{"count":4,"href":"https:\/\/move-swim-saint-tropez.fr\/index.php?rest_route=\/wp\/v2\/pages\/722\/revisions"}],"predecessor-version":[{"id":732,"href":"https:\/\/move-swim-saint-tropez.fr\/index.php?rest_route=\/wp\/v2\/pages\/722\/revisions\/732"}],"wp:featuredmedia":[{"embeddable":true,"href":"https:\/\/move-swim-saint-tropez.fr\/index.php?rest_route=\/wp\/v2\/media\/476"}],"wp:attachment":[{"href":"https:\/\/move-swim-saint-tropez.fr\/index.php?rest_route=%2Fwp%2Fv2%2Fmedia&parent=722"}],"curies":[{"name":"wp","href":"https:\/\/api.w.org\/{rel}","templated":true}]}}